{"id":27,"date":"2014-03-13T16:09:55","date_gmt":"2014-03-13T16:09:55","guid":{"rendered":"http:\/\/zsrzepin.ibip.info\/?page_id=27"},"modified":"2021-03-30T14:01:45","modified_gmt":"2021-03-30T12:01:45","slug":"start","status":"publish","type":"page","link":"https:\/\/zsrzepin.ibip.info\/","title":{"rendered":"Start"},"content":{"rendered":"<p><a href=\"http:\/\/bip.gov.pl\"><img loading=\"lazy\" class=\"size-medium wp-image-111 aligncenter\" title=\"bip.gov.pl\" src=\"http:\/\/zsrzepin.ibip.info\/wp-content\/uploads\/2014\/01\/bip_logo_pomn1_grad-300x106.jpg\" alt=\"bip.gov.pl\" width=\"300\" height=\"106\" srcset=\"https:\/\/zsrzepin.ibip.info\/wp-content\/uploads\/2014\/01\/bip_logo_pomn1_grad-300x106.jpg 300w, https:\/\/zsrzepin.ibip.info\/wp-content\/uploads\/2014\/01\/bip_logo_pomn1_grad-1024x363.jpg 1024w, https:\/\/zsrzepin.ibip.info\/wp-content\/uploads\/2014\/01\/bip_logo_pomn1_grad.jpg 1095w\" sizes=\"(max-width: 300px) 100vw, 300px\" \/><\/a><\/p>\n<p style=\"text-align: center;\"><strong>Publiczna Szko\u0142a Podstawowa\u00a0 im. mjr. Jana Piwnika &#8222;Ponurego&#8221;<\/strong> <strong>w Rzepinie<\/strong><br \/>\nRzepin Drugi 154, 27-225 Paw\u0142\u00f3w<br \/>\ntel. 41 272 16 68<br \/>\n<a href=\"http:\/\/zsrzepin.edupage.org\" target=\"_blank\" rel=\"noopener\">http:\/\/zsrzepin.edupage.org<\/a><br \/>\ne-mail: <a href=\"mailto:zsrzepin@interia.pl\" target=\"_blank\" rel=\"noopener\">zsrzepin@interia.pl<\/a><\/p>\n<p>&nbsp;<\/p>\n<h4 class=\"ng-scope\">Raport o stanie zapewniania dost\u0119pno\u015bci podmiotu publicznego<\/h4>\n<p><a href=\"http:\/\/zsrzepin.ibip.info\/wp-content\/uploads\/2021\/03\/Raport-dostepnosci-Publiczna-Szkola-Podstawowa-im.-mjr.-Jana-Piwnika.pdf\">Raport dost\u0119pno\u015bci &#8211; Publiczna Szko\u0142a Podstawowa im. mjr. Jana Piwnika &#8222;Ponurego&#8221; w Rzepinie<\/a><\/p>\n","protected":false},"excerpt":{"rendered":"<p>Publiczna Szko\u0142a Podstawowa\u00a0 im. mjr. Jana Piwnika &#8222;Ponurego&#8221; w Rzepinie Rzepin Drugi 154, 27-225 Paw\u0142\u00f3w tel. 41 272 16 68 http:\/\/zsrzepin.edupage.org e-mail: zsrzepin@interia.pl &nbsp; Raport o stanie zapewniania dost\u0119pno\u015bci podmiotu publicznego Raport dost\u0119pno\u015bci &#8211;&#46;&#46;&#46;<\/p>\n","protected":false},"author":2,"featured_media":0,"parent":0,"menu_order":0,"comment_status":"closed","ping_status":"open","template":"","meta":{"_expiration-date-status":"saved","_expiration-date":0,"_expiration-date-type":"","_expiration-date-categories":[],"_expiration-date-options":[]},"_links":{"self":[{"href":"https:\/\/zsrzepin.ibip.info\/index.php?rest_route=\/wp\/v2\/pages\/27"}],"collection":[{"href":"https:\/\/zsrzepin.ibip.info\/index.php?rest_route=\/wp\/v2\/pages"}],"about":[{"href":"https:\/\/zsrzepin.ibip.info\/index.php?rest_route=\/wp\/v2\/types\/page"}],"author":[{"embeddable":true,"href":"https:\/\/zsrzepin.ibip.info\/index.php?rest_route=\/wp\/v2\/users\/2"}],"replies":[{"embeddable":true,"href":"https:\/\/zsrzepin.ibip.info\/index.php?rest_route=%2Fwp%2Fv2%2Fcomments&post=27"}],"version-history":[{"count":8,"href":"https:\/\/zsrzepin.ibip.info\/index.php?rest_route=\/wp\/v2\/pages\/27\/revisions"}],"predecessor-version":[{"id":427,"href":"https:\/\/zsrzepin.ibip.info\/index.php?rest_route=\/wp\/v2\/pages\/27\/revisions\/427"}],"wp:attachment":[{"href":"https:\/\/zsrzepin.ibip.info\/index.php?rest_route=%2Fwp%2Fv2%2Fmedia&parent=27"}],"curies":[{"name":"wp","href":"https:\/\/api.w.org\/{rel}","templated":true}]}}