{"id":30,"date":"2014-03-13T16:09:55","date_gmt":"2014-03-13T16:09:55","guid":{"rendered":"http:\/\/zsrzepin.ibip.info\/?page_id=30"},"modified":"2019-03-25T20:08:21","modified_gmt":"2019-03-25T19:08:21","slug":"status-prawny","status":"publish","type":"page","link":"https:\/\/zsrzepin.ibip.info\/?page_id=30","title":{"rendered":"Status prawny"},"content":{"rendered":"<p style=\"text-align: justify;\">Publiczna Szko\u0142a Podstawowa w Rzepinie dzia\u0142a na podstawie:<\/p>\n<ul style=\"text-align: justify;\">\n<li>Aktu Za\u0142o\u017cycielskiego &#8211; Uchwa\u0142a Rady Gminy w Paw\u0142owie Nr XXXVI\/408\/17 z dnia 29 listopada 2017 roku w sprawie przekszta\u0142cenia dotychczasowego Zespo\u0142u Szk\u00f3\u0142 w Rzepinie w o\u015bmioletni\u0105 Publiczn\u0105 Szko\u0142\u0119 Podstawow\u0105 im. mjr. Jana Piwnika \u201dPonurego\u201d w Rzepinie;<\/li>\n<li>Ustawy z dnia 7 wrze\u015bnia 1991 r. o systemie o\u015bwiaty (Dz. U. z 1996 r. Nr 67, poz. 329 ze zmianami),<\/li>\n<li>Ustawy z dnia 26 stycznia 1982 r. &#8211; Karta Nauczyciela (Dz. U. Nr 56 poz. 557 z 1997 r. zmianami),<\/li>\n<li>Akt\u00f3w wykonawczych do wy\u017cej wymienionych ustaw,<\/li>\n<li>Statutu,<\/li>\n<li>Zarz\u0105dze\u0144 Kuratora,<\/li>\n<li>Zarz\u0105dze\u0144 Dyrektora Szko\u0142y,<\/li>\n<li>Ramowego planu pracy szko\u0142y,<\/li>\n<li>Planu rozwoju,<\/li>\n<li>Wewn\u0105trzszkolnego Systemu Oceniania,<\/li>\n<li>Regulamin\u00f3w:\n<ul>\n<li>Regulaminu Rady Pedagogicznej.<\/li>\n<li>Regulaminu Samorz\u0105du Uczniowskiego.<\/li>\n<li>Regulaminu Rady Szko\u0142y.<\/li>\n<li>Regulaminu Rady Rodzic\u00f3w<\/li>\n<li>Regulaminu biblioteki szkolnej.<\/li>\n<li>Regulaminu \u015bwietlicy szkolnej.<\/li>\n<\/ul>\n<\/li>\n<\/ul>\n<p style=\"text-align: justify;\">Organem prowadz\u0105cym Szko\u0142\u0119 jest Gmina Paw\u0142\u00f3w.<\/p>\n<p>Organem sprawuj\u0105cym nadz\u00f3r pedagogiczny jest \u015awi\u0119tokrzyski Kurator O\u015bwiaty w Kielcach.<\/p>\n","protected":false},"excerpt":{"rendered":"<p>Publiczna Szko\u0142a Podstawowa w Rzepinie dzia\u0142a na podstawie: Aktu Za\u0142o\u017cycielskiego &#8211; Uchwa\u0142a Rady Gminy w Paw\u0142owie Nr XXXVI\/408\/17 z dnia 29 listopada 2017 roku w sprawie przekszta\u0142cenia dotychczasowego Zespo\u0142u Szk\u00f3\u0142 w Rzepinie w o\u015bmioletni\u0105&#46;&#46;&#46;<\/p>\n","protected":false},"author":2,"featured_media":0,"parent":0,"menu_order":0,"comment_status":"closed","ping_status":"open","template":"","meta":{"_expiration-date-status":"saved","_expiration-date":0,"_expiration-date-type":"","_expiration-date-categories":[],"_expiration-date-options":[]},"_links":{"self":[{"href":"https:\/\/zsrzepin.ibip.info\/index.php?rest_route=\/wp\/v2\/pages\/30"}],"collection":[{"href":"https:\/\/zsrzepin.ibip.info\/index.php?rest_route=\/wp\/v2\/pages"}],"about":[{"href":"https:\/\/zsrzepin.ibip.info\/index.php?rest_route=\/wp\/v2\/types\/page"}],"author":[{"embeddable":true,"href":"https:\/\/zsrzepin.ibip.info\/index.php?rest_route=\/wp\/v2\/users\/2"}],"replies":[{"embeddable":true,"href":"https:\/\/zsrzepin.ibip.info\/index.php?rest_route=%2Fwp%2Fv2%2Fcomments&post=30"}],"version-history":[{"count":3,"href":"https:\/\/zsrzepin.ibip.info\/index.php?rest_route=\/wp\/v2\/pages\/30\/revisions"}],"predecessor-version":[{"id":341,"href":"https:\/\/zsrzepin.ibip.info\/index.php?rest_route=\/wp\/v2\/pages\/30\/revisions\/341"}],"wp:attachment":[{"href":"https:\/\/zsrzepin.ibip.info\/index.php?rest_route=%2Fwp%2Fv2%2Fmedia&parent=30"}],"curies":[{"name":"wp","href":"https:\/\/api.w.org\/{rel}","templated":true}]}}